s -412 - 5?
-417
In base 14, what is 4a + -4?
46
In base 6, what is 4 - 2135?
-2131
In base 8, what is -5 - 7056?
-7063
In base 12, what is -14b8 + 0?
-14b8
In base 4, what is 10 - 1111?
-1101
In base 15, what is 3a + -3a?
0
In base 2, what is 1011000111111 + -101?
1011000111010
In base 9, what is 0 + -187?
-187
In base 14, what is -2 + 3?
1
In base 15, what is 2 - -c?
e
In base 10, what is -37 - 9?
-46
In base 15, what is 5e - 21?
3d
In base 8, what is 132 - -414?
546
In base 14, what is -1c8 - -4?
-1c4
In base 10, what is 38 - -88?
126
In base 6, what is 13 - -110?
123
In base 7, what is -6 + -450?
-456
In base 6, what is 1300 - -1?
1301
In base 14, what is 3a + -1c?
1c
In base 5, what is -2 + 134?
132
In base 12, what is -201 + 6?
-1b7
In base 8, what is -137 - -117?
-20
In base 7, what is -10 - 10045?
-10055
In base 9, what is 18 + 6?
25
In base 15, what is -298 + -3?
-29b
In base 9, what is 14 + 227?
242
In base 13, what is -2b8 + -3?
-2bb
In base 11, what is 106 + 14?
11a
In base 12, what is -31a + 4?
-316
In base 11, what is 20a + -3?
207
In base 14, what is -11 - 27?
-38
In base 4, what is 0 + 13?
13
In base 2, what is -111 + 11100011?
11011100
In base 13, what is -31 + 17?
-17
In base 16, what is -110 - 1?
-111
In base 7, what is 1013 + -3?
1010
In base 11, what is -13a5 - -4?
-13a1
In base 14, what is -3 + -1450?
-1453
In base 11, what is -1 - -aa6?
aa5
In base 4, what is 12 + 22211?
22223
In base 14, what is -31 + -47?
-78
In base 10, what is 5 - 947?
-942
In base 16, what is 1a + 0?
1a
In base 4, what is -3 - 21001?
-21010
In base 16, what is 5 + -b6?
-b1
In base 16, what is 32 + 17?
49
In base 10, what is -4360 - -4?
-4356
In base 5, what is -43 - 4?
-102
In base 9, what is -820 + -3?
-823
In base 7, what is 6001 + 1?
6002
In base 12, what is -654 + -2?
-656
In base 13, what is 0 - aa?
-aa
In base 2, what is -10 + 10010?
10000
In base 13, what is -3056 + 1?
-3055
In base 4, what is -2000 - -13?
-1321
In base 5, what is -3044 + 3?
-3041
In base 12, what is 2 - -439?
43b
In base 7, what is -50 + -65?
-145
In base 11, what is 248 - 3?
245
In base 4, what is -220 - -22?
-132
In base 16, what is 19 - 4?
15
In base 11, what is -1 + 4?
3
In base 7, what is -1 - -211?
210
In base 2, what is -1100111 - -1110110?
1111
In base 16, what is 751 - 3?
74e
In base 3, what is 1112 + 10?
1122
In base 3, what is 110002 - -20?
110022
In base 12, what is -26 + -74?
-9a
In base 10, what is 1311 - 0?
1311
In base 14, what is -147 + -14?
-15b
In base 8, what is -2624 - -3?
-2621
In base 14, what is 1 + 52?
53
In base 5, what is 3 - 12?
-4
In base 2, what is 110 + 101100?
110010
In base 11, what is 5 + 624?
629
In base 13, what is -2 - 43?
-45
In base 6, what is 1 + 12?
13
In base 15, what is -9 - c1?
-ca
In base 5, what is 11 - -240?
301
In base 16, what is -30 - 7?
-37
In base 10, what is 3 - -815?
818
In base 15, what is -17 + -6?
-1d
In base 7, what is -3 - 23014?
-23020
In base 12, what is -4 - 227?
-22b
In base 14, what is 2 + -3b?
-39
In base 4, what is 131 - -32?
223
In base 3, what is -2 - 10020?
-10022
In base 3, what is 2 + -12101?
-12022
In base 13, what is 191 - 2?
18c
In base 14, what is c - -63?
71
In base 7, what is -6 + -4?
-13
In base 12, what is 3 + -958?
-955
In base 15, what is 1070 - 2?
106d
In base 7, what is 10653 + -3?
10650
In base 4, what is 1203 + 1?
1210
In base 5, what is -1 - -2?
1
In base 5, what is 42 - 223?
-131
In base 8, what is -76 - -41?
-35
In base 4, what is 1 - 211?
-210
In base 7, what is 11 + 1?
12
In base 14, what is -3 - -27?
24
In base 15, what is -1 + 63?
62
In base 9, what is 7 + -62?
-54
In base 5, what is 1333 + -1?
1332
In base 10, what is -24 + 7?
-17
In base 16, what is -4 - 1c46?
-1c4a
In base 15, what is -1d28 + 3?
-1d25
In base 12, what is 5 - -11?
16
In base 7, what is 30 + -335?
-305
In base 10, what is -805 + -2?
-807
In base 5, what is -444 - 1?
-1000
In base 3, what is 1021222 + -12?
1021210
In base 16, what is 3 - -25?
28
In base 14, what is 0 - -45?
45
In base 7, what is 5 + -244?
-236
In base 5, what is 1 + -124334?
-124333
In base 11, what is 309 + 13?
321
In base 10, what is -489 + -1?
-490
In base 11, what is 528 - -16?
543
In base 5, what is -1 + 4121?
4120
In base 15, what is -2 - 65e?
-661
In base 13, what is -b0 - 6?
-b6
In base 7, what is 10 + 5?
15
In base 16, what is 1 - b65?
-b64
In base 4, what is -113 + 10131?
10012
In base 6, what is -1052 + -2?
-1054
In base 15, what is -5 + -80?
-85
In base 6, what is -1221 - 3?
-1224
In base 9, what is -2455 - -1?
-2454
In base 14, what is -80 - 14?
-94
In base 5, what is 1122 - -1321?
2443
In base 6, what is 2 + -3?
-1
In base 2, what is 1000011010101 - -10?
1000011010111
In base 13, what is -bc - -6?
-b6
In base 15, what is 126 - 1?
125
In base 13, what is aa - -3a?
117
In base 13, what is -1 - 149?
-14a
In base 3, what is -12002012 + -1?
-12002020
In base 4, what is 300333 + 2?
301001
In base 7, what is -415 + 5?
-410
In base 15, what is -2e6 + -3?
-2e9
In base 10, what is -2 - 1863?
-1865
In base 13, what is 26 + 3?
29
In base 4, what is 201 + -10?
131
In base 2, what is -100010010101010 + 1?
-100010010101001
In base 3, what is 1100 - 221?
102
In base 16, what is 5 + -85?
-80
In base 8, what is -1 + 0?
-1
In base 9, what is -626 + -4?
-631
In base 9, what is -6 - -73?
66
In base 7, what is 42 + 132?
204
In base 7, what is -316 - 4?
-323
In base 11, what is 9 + -4?
5
In base 5, what is -243 - 3?
-301
In base 16, what is 1 + 2d3?
2d4
In base 12, what is -1 - 0?
-1
In base 11, what is -107 - 4?
-110
In base 11, what is -941 - 5?
-946
In base 7, what is 4 + -14?
-10
In base 3, what is 1101102 - 1?
1101101
In base 14, what is -3 - 20?
-23
In base 7, what is 30 - 220?
-160
In base 4, what is 2131 - 1?
2130
In base 11, what is -102 - 4?
-106
In base 13, what is -c8 + -5?
-100
In base 7, what is -1554 - -1?
-1553
In base 14, what is -230 - 0?
-230
In base 10, what is -4 - 368?
-372
In base 11, what is 0 + 58?
58
In base 2, what is 1100000110 + -1?
1100000101
In base 6, what is -41305 + -4?
-41313
In base 12, what is 2 + 2?
4
In base 13, what is -896 + -6?
-89c
In base 15, what is -464 - 3?
-467
In base 5, what is -443 + -2?
-1000
In base 8, what is 260 + -3?
255
In base 3, what is -2 + 221102?
221100
In base 13, what is -5bc - -2?
-5ba
In base 11, what is -178 + -2?
-17a
In base 7, what is 3 - 1305?
-1302
In base 3, what is 2 + 111010?
111012
In base 9, what is 1 - 2?
-1
In base 11, what is -1a - -8?
-12
In base 8, what is -2 - -111?
107
In base 11, what is -7 - 5?
-11
In base 3, what is -201 + 11111?
10210
In base 6, what is -202 - -23?
-135
In base 12, what is 5 - -160?
165
In base 4, what is 10 + 111000?
111010
In base 4, what is -2 - -102?
100
In base 11, what is 976 - 5?
971
In base 9, what is -1 - -43?
42
In base 16, what is cdf + 3?
ce2
In base 2, what is -10010000 + 101?
-10001011
In base 5, what is 4 - 11342?
-11333
In base 12, what is -16 + 546?
530
In base 13, what is -6 + -6c?
-75
In base 9, what is -1 + -8061?
-8062
In base 8, what is 203 + 6?
211
In base 11, what is -326 - -a?
-317
In base 12, what is -a8 + -8?
-b4
In base 9, what is 313 + -5?
307
In base 7, what is 255 + -3?
252
In base 5, what is -234 + 10?
-224
In base 10, what is 75 + -5?
70
In base 15, what is 12 - -4?
16
In base 15, what is -d5 + -2?
-d7
In base 5, what is -242 + -42?
-334
In base 3, what is -21020 + -10?
-21100
In base 2, what is -100100 - 10?
-100110
In base 9, what is 117 + 17?
135
In base 10, what is -4 - -41?
37
In base 3, what is 120 - -1000201?
1001021
In base 15, what is -3 + 11?
d
In base 11, what is -4 + 2a0?
297
In base 9, what is 4 - 140?
-135
In base 14, what is -2 + 29?
27
In base 13, what is -805 + -4?
-809
In base 4, what is 202 - 13?
123
In base 6, what is 4 + -1211?
-1203
In base 8, what is -10 - 22?
-32
In base 2, what is 100 + -101010000?
-101001100
In base 12, what is -22 + -9?
-2b
In base 7, what is -4 - -2622?
2615
In base 6, what is 4 - 213?
-205
In base 4, what is 3 + 3132?
3201
In base 9, what is 1880 - 8?
1871
In base 13, what is -1b - 1?
-1c
In base 9, what is 3507 - -4?
3512
In base 14, what is -327 + -1?
-328
In base 14, what is -1 - -94?
93
In base 12, what is -49 - -4?
-45
In base 13, what is 4 - -11?
15
In base 3, what is 